907, n*v - 910 = -v - 5*o. What is the hundreds digit of v?
1
Suppose g + 31 = 66. Suppose 7*r - g = 7. What is the tens digit of r/((-3000)/(-16965) + 4/(-26))?
6
Let v = 3243 + 425. What is the units digit of v?
8
Let u be 3/(9/(-3))*12/(-3). Suppose -u*z + 7*z - 5823 = -o, o - 7764 = -4*z. What is the hundreds digit of z?
9
Suppose 4*p - 109986 = 2*s, p - 31474 + 3975 = s. What is the tens digit of p?
9
Let y be (-16)/(-28) + (-3 - (-50)/(-14)). What is the tens digit of (y - (0 + -3))*(-544 + -3)?
4
Let l(w) = -w**3 + 10*w**2 - 10*w + 5. Let p(d) = 2*d - 30. Let z be p(19). Let s be l(z). Let j = s - 6. What is the tens digit of j?
4
Suppose 93*w - 98*w = 3*t - 2780, -5*t + 4592 = -2*w. Suppose -h = -m - t, m = 3*m. What is the hundreds digit of h?
9
Let u = -91 - -96. Suppose u*a - 1719 - 271 = 0. What is the units digit of a?
8
Let p(r) = 1103*r + 25. Let z be p(-7). Let n be 4/(-30) - z/120. Suppose m - 19 = n. What is the tens digit of m?
8
Let m = 247 - 243. Suppose 3*j = o + 388, -m*j - o - 160 = -689. What is the hundreds digit of j?
1
Let o = -1116 + -241. Let w = -548 - o. What is the units digit of w?
9
Let j = -9819 + 14121. Suppose -15*w = -15552 + j. What is the hundreds digit of w?
7
Suppose 2*o = -10, -5*o - 14329 = -200*i + 197*i. What is the units digit of i?
8
Let n = 10 - 10. Suppose g - 1419 + 47 = n. Suppose 21*j - g = 14*j. What is the hundreds digit of j?
1
Let j be 20/30 - ((-5)/3)/((-2)/(-46)). Suppose 3*f = 4*f - 3. Suppose -f*g + 7*g = -2*c + 126, g + 3*c = j. What is the tens digit of g?
3
Suppose -27*i - 203170 = -43*i + 88014. What is the units digit of i?
9
Suppose -3*x = -17*x + 28. What is the hundreds digit of 160398/90 + x/(-10)?
7
Let j(m) = m**2 + 6*m - 30. Let p(t) = -5*t**2 - 3*t - 2. Let o be (4/6)/(((-4)/(-2))/(-6)). Let y be p(o). What is the units digit of j(y)?
0
Let h(b) = 15546*b + 4530. What is the units digit of h(5)?
0
Suppose -2*x - 4*w = 2*x - 48, 4*w - 13 = x. Let a be x/3 + (-9)/((-54)/4). Suppose -a*m + 1000 = 4*z, 4*m + 394 + 84 = 2*z. What is the tens digit of z?
4
Let p = -2245 - -5250. What is the thousands digit of p?
3
Suppose 11*x = -x. Suppose x = -4*u - 23*u + 3861. What is the tens digit of u?
4
Let j be (10 + 5)*(-1)/(-3). Let i be -4 - (-2 + 6)*1395/(-12). Suppose j*d = i - 56. What is the units digit of d?
1
Let x = 46 + -49. What is the tens digit of 165 - 3/x*5?
7
Let q(x) = 222*x + 18. Let r be q(-1). Let m = 189 - r. What is the tens digit of m?
9
Let f(r) = 8*r**2 + 7*r + 7. Let z be f(-1). Suppose 4*s = -z*s + 1656. What is the hundreds digit of s?
1
Let j(p) = -p**3 - p**2 - p + 2. Let n be j(0). What is the tens digit of ((-3048)/(-42))/(n/7)?
5
Suppose -x - 5*o = x + 20, 3*o = -x - 12. Let w be (-20)/16*(x - 4). Suppose -3*z = 3*h - 114, -5*z + w*h + 170 = -0*z. What is the units digit of z?
6
Let u(o) = -17*o**3 + 2*o + 6. Let m be u(-2). Let a = -134 + m. Suppose 201 = j + a. What is the tens digit of j?
9
Let v be -2 - 2 - (-7 + -6 + 7). Suppose 5376 = 6*u - v*u + 2*g, -5*u + 6718 = 3*g. What is the tens digit of u?
4
Let t(g) = g**2 + 3*g - 7. Let u be t(-7). Suppose -4*c + 7 + u = 0. Suppose -c*k - 7 = -8*k. What is the units digit of k?
7
Suppose -3*b - 3468 + 30960 = 6*l, -5*l = -4*b - 22910. What is the units digit of l?
2
Let g(n) = 15*n**2 + 6 - 28*n**3 + 3*n**2 + 27*n**3 + 21*n. Suppose -2*r = -7*r + 95. What is the units digit of g(r)?
4
Let s = -6048 + 21608. What is the ten thousands digit of s?
1
Suppose 0 = -2*p + 4*p + 2. Let m be (p - (1 - 2))/3. Suppose 0 = -5*b - 5*h + 295, -h + m*h = -3*b + 165. What is the units digit of b?
6
Let k(l) = 26*l - 9. Let d(m) = m**3 + 4*m**2 - 7*m - 20. Let p be d(-4). What is the hundreds digit of k(p)?
1
Let k(d) = -3*d**3 - 13*d**2 - 97*d - 20. What is the hundreds digit of k(-12)?
4
Suppose -296*k - 177 + 12717 = -293*k. What is the units digit of k?
0
Let j = 2126 + -1. Suppose -3*t - 5*b = -j, 0*t + 2*t - 1424 = 4*b. What is the hundreds digit of t?
7
Let z(n) be the second derivative of 0 + 1/2*n**3 + n**2 - 2*n. What is the units digit of z(23)?
1
Let x(f) be the first derivative of f**3 + 5*f**2/2 + f - 7. Let g be x(-2). Let l = 20 - g. What is the units digit of l?
7
Let s(v) = -v**2 - 14*v - 12. Let n be 6*(20/6)/5. Suppose 10 = -n*c - 22. What is the units digit of s(c)?
6
Let i = 21289 + -9604. What is the thousands digit of i?
1
Let d be 1/3 - (-332)/3. Let a be (-4)/(-3)*(7 + 99/(-18)). Suppose -1 = -2*v + 5, a*c - v - d = 0. What is the tens digit of c?
5
Suppose -4*m + 4*k + 1758 = -2*m, -2*m - 2*k + 1776 = 0. Let q = 1471 - m. What is the tens digit of q?
8
Suppose 0*x = -2*x, -5*b = -5*x - 3670. Let p = -439 + b. What is the tens digit of p?
9
Let d = -272 + 1739. Suppose d + 5277 = 24*i. What is the tens digit of i?
8
What is the units digit of (-132)/(-220) - (-3 + (-44946)/15)?
0
Let t(m) = 204*m**3 - m**2 + 6*m + 25. What is the units digit of t(5)?
0
Let d be (10/(-3))/(-5) - (-29)/(-3). Let y be (-10 - -6) + (-1 - d). What is the units digit of (-476)/(-77) + y/(-22)?
6
Let y(n) = 2*n**3 + 45*n**2 + 22*n + 4. Let v be y(-22). Suppose -1392 = -v*a - 3*r + 4*r, 2*r - 686 = -2*a. What is the units digit of a?
7
Suppose -3*i - 33 = -2*g + 19, 44 = 3*g + 4*i. Let f be (-8)/g + (76/(-10) - 1). What is the units digit of ((-123)/9 + -2)/(1/f)?
1
What is the ten thousands digit of ((-2879)/15 - 2/(-6))/(8/(-500))?
1
Suppose -440 = -24*b + 520. Suppose -3*c - 327 + 2631 = 0. Suppose c = b*g - 37*g. What is the hundreds digit of g?
2
Suppose 373583 + 1085903 = 61*a. What is the tens digit of a?
2
Let w = -2863 - -7576. What is the units digit of w?
3
Suppose -28*j = -284119 + 3992 + 24935. What is the thousands digit of j?
9
Let q be (-2)/10 - (-168912)/(-115). Let r be 1/6 + q/(-78). Suppose r = -2*j + 117. What is the units digit of j?
9
Let x = 28274 + -18873. Suppose -x = -206*c + 199*c. What is the units digit of c?
3
Let w(i) = i**3 + 7*i**2 - 8*i. Let z be w(-8). What is the tens digit of 129 + 0 + -3 + z?
2
Let f be 12*1/5 - (-32)/(-80). Suppose 4*k + 4 = -3*r + f, 5*k + 2*r = -6. What is the units digit of (-1 + 4 - 5) + 103 + k?
9
Let q(d) = -2*d - 9. Let m be q(-9). Suppose -12 = 3*u, -1892 = -4*i + i + 5*u. Suppose m*v - 12*v + i = 0. What is the units digit of v?
8
Suppose -34*n + 212199 + 49768 = 52289. What is the tens digit of n?
6
Let q(b) = b**3 + 5*b**2 - 6*b - 3. Let s be q(-6). Let x be 61 + (s - 12/(-4)). Suppose 7*k + x - 453 = 0. What is the tens digit of k?
5
Suppose 5*o + 10 + 165 = 0. Let r(p) = -23*p - 428. What is the hundreds digit of r(o)?
3
Let l = -14765 - -28254. What is the thousands digit of l?
3
Let i(a) = -5126*a - 1968. What is the ten thousands digit of i(-9)?
4
Let l(o) = 572*o - 1326. What is the hundreds digit of l(27)?
1
Suppose 47 = 6*l - 103. Suppose 702 = -l*y + 10602. What is the units digit of y?
6
Let t = 303 - 296. Suppose -t*v + 11*v = 1204. What is the tens digit of v?
0
Suppose 32*z - 36*z + 420 = 0. Suppose 0 = -9*c + z + 4593. What is the hundreds digit of c?
5
Suppose 53 = 3*o - 13. Suppose 222 = s - o. What is the units digit of s?
4
Let l(x) = 1960*x**2 + 26*x + 55. What is the units digit of l(-3)?
7
Let f(q) = -4*q**2 + 12. Let v(d) = d**2. Let y be (1/(-2))/((-9)/2 + 4). Let u(a) = y*f(a) + 5*v(a). What is the hundreds digit of u(-12)?
1
Let o(y) = y**3 + 23*y**2 + 27*y + 38. Suppose z + 3*p = -15, 0 = -5*z - 2*p - 94 + 6. What is the hundreds digit of o(z)?
1
What is the units digit of (-3*2/(-63) - (-102539272)/2541)*1?
4
Let v(n) be the first derivative of n**4/4 + 9*n**3 - 2*n**2 + 17*n - 1. What is the thousands digit of v(-9)?
1
Suppose 3*o = -4*a + 7445 + 8999, -16432 = -3*o - a. What is the units digit of o?
6
Let d(o) = 11*o - 13. Let t be d(8). Suppose 0 = 5*k + t - 85. Suppose -l = -2*b - 48, 4*l - 60 = 3*l - k*b. What is the units digit of l?
4
Suppose -49*i + 100*i + 1480 = 14*i. Let o(t) = 3*t**2 + 5*t + 1. Let s be o(-5). Let d = s + i. What is the units digit of d?
1
Let l(p) = 4*p**3 - 2*p**2 - 28*p + 8. What is the tens digit of l(12)?
9
Let n = 6214 - 1826. What is the units digit of n?
8
Suppose -55 = -2*w + 7. Suppose -x - 4*z + 5 + 6 = 0, 2*z - 10 = -2*x. Suppose 4*g + x + w = b, -3*g = 2*b - 57. What is the te